70. What is the remainder when z is divided by a?
10
Suppose -116 = -8*a - 28. Suppose -27 + a = -b. Calculate the remainder when 236 is divided by b.
12
Let q = -2923 - -2937. What is the remainder when 26 is divided by q?
12
Let j = -2 + 11. Suppose -2*p = -3*i - 201, 5*p + i - 272 = 205. What is the remainder when p is divided by j?
6
Let h = -149 + 148. What is the remainder when (6 + -3)/(h/((-2634)/18)) is divided by 10?
9
Let c be -2 + 2 + 3*3. Let x(y) = 18*y**2 - 7*y + 6. Let z be x(1). Suppose z = c*p - 1. Calculate the remainder when 10 is divided by p.
0
Let x(v) = 2*v**3 + 25*v**2 + 6*v + 33. Calculate the remainder when x(-12) is divided by 35.
0
Suppose -3*b = 2*k - 6*k - 4, k = -b + 6. Suppose p - 31 = -5*c + 5, -5*p - k*c = -134. What is the remainder when p is divided by 8?
2
Suppose 8 = 2*q, -3*q = -2*v - 2*q - 30. Let r be (1/(-3))/(v/195). Suppose -13 + 48 = r*f. What is the remainder when 34 is divided by f?
6
Let z = 4666 + -4277. Calculate the remainder when z is divided by 13.
12
Suppose -4*d = i - 1201, 0 = d + 5*i - 219 - 67. Suppose 427 = 13*v - d. What is the remainder when 113 is divided by v?
1
Let j = 238 + -22. Let l = -146 + j. Suppose -l*d + 65*d + 90 = 0. What is the remainder when 67 is divided by d?
13
Let l be 75*(-6)/27*-3. Suppose 5*g = i - 2*i - 17, -l = -5*i + 2*g. Suppose 5*u - 29 = 43 + 148. What is the remainder when u is divided by i?
4
Let n = 12858 - 12554. What is the remainder when n is divided by 232?
72
Let s = 57 - 52. Suppose -5*q = -s*d - 4*q + 119, 5*q = -2*d + 53. What is the remainder when 84 is divided by d?
12
Let x(w) = -w**3 + 2*w + 25. Suppose -i - 3 = 0, 2*k - 46 = i + 15. Calculate the remainder when x(-3) is divided by k.
17
Let y(n) = -n**3 - 11*n**2 - 89*n - 1044. What is the remainder when 354 is divided by y(-12)?
18
Calculate the remainder when ((-5)/((-10)/18))/((-1938)/(-192) - 10) is divided by 23.
4
Let l = 15 - 30. Let t(o) be the first derivative of o**4/4 + 14*o**3/3 - 10*o**2 + 19*o + 5. Calculate the remainder when t(l) is divided by 16.
14
Let m be (1 + 35)/(14*6/42). Suppose -m*s + 15*s = -30. What is the remainder when 118 is divided by s?
8
Suppose 3*o + 5*l = 1329, -1204 + 280 = -2*o + 3*l. What is the remainder when o is divided by 41?
2
Let j(a) = -1 - 3609*a**2 - 2 + 3610*a**2. Calculate the remainder when j(8) is divided by 22.
17
Let o = -664 - -742. Let u = 140 + -122. Calculate the remainder when o is divided by u.
6
Let m(a) = 45*a - 80. Let t be m(12). Suppose -7*v + 2*v - 3*i + 35 = 0, -i = -2*v + 14. Calculate the remainder when 1*t/14 + 2/14 is divided by v.
5
Suppose -21303 - 59593 = -256*h. Suppose 0 = 2*z + z - 96. Calculate the remainder when h is divided by z.
28
Let l(t) = 101*t**2 - 21*t + 22. Let s be l(1). Suppose -v + s = 99. Calculate the remainder when 30 is divided by v.
0
Let b = 735 + -731. Suppose f = 4, b*z + 33*f - 92 = 31*f. Calculate the remainder when 125 is divided by z.
20
Let q = -53 - -57. Suppose -q*k + 135 = -0*d + 5*d, 2*d + 37 = k. Let r = 41 - k. What is the remainder when 64 is divided by r?
4
Suppose 37*v + 26*v - 327388 = 50171. What is the remainder when v is divided by 55?
53
Let a(d) = 65*d**2 - 11*d + 192. What is the remainder when a(8) is divided by 97?
93
Let w = 24 + -15. Suppose 3*s - w - 6 = 0, s - 50 = -3*g. Let c = g - 4. What is the remainder when c is divided by 3?
2
Suppose -7*w + 8224 = -2528. Calculate the remainder when w is divided by 81.
78
Let c = 105 + -101. Suppose c*s - 160 = 316. Let d = -44 + 75. What is the remainder when s is divided by d?
26
Let j be -1*2/1 + 45. Let k = 57 + -26. Let t = j - k. What is the remainder when 34 is divided by t?
10
Let i(b) = b + 56. Let g be i(-26). Calculate the remainder when 94 is divided by ((-56)/12)/((-5)/g).
10
Suppose -8*w - 65 = -9*w. Suppose 63*s = w*s - 32. Calculate the remainder when 62 is divided by s.
14
What is the remainder when 9084 is divided by 228 + (0 - 3 - (-20 - -13) - -1)?
230
Suppose 0 = -5*g + 3*n + 197 + 19, -4*g = 5*n - 158. Suppose -g = 9*a - 78. What is the remainder when 23 is divided by a?
3
Suppose 0 = -i + 2*n + 2*n - 9, 0 = i - 5*n + 12. Let g be (-3 - -2)/(7/(-434)). Suppose 0 = -12*s + g + 130. Calculate the remainder when s is divided by i.
1
Let v = 522 + -391. Let t = -72 + v. What is the remainder when t is divided by 19?
2
Let v = -23 - -25. What is the remainder when 90 is divided by v*(-27)/(-12)*(-1 + 7)?
9
Let a = 11 - 70. Suppose -5*u + 652 - 102 = 0. Let p = a + u. What is the remainder when p is divided by 26?
25
Suppose 56*d - o + 255 = 59*d, 0 = -o + 3. Calculate the remainder when d is divided by 45.
39
Let w(m) = 89*m - 1708. Calculate the remainder when 2946 is divided by w(20).
66
Let z = -40 + 71. Suppose -z*y + 27*y = -120. Suppose -21*g - y = -26*g. What is the remainder when 9 is divided by g?
3
Suppose 0 = -23*k + 18*k + 540. Suppose x - 7*x = -k. Suppose -3*z = 3*w - 147, -z = 4*w - 108 - 91. Calculate the remainder when w is divided by x.
14
Let i = -82046 + 82175. Calculate the remainder when i is divided by -2*((-58)/4 + 1).
21
Let p = 109 - 107. Suppose -3*n = -p*u + 60, 0 = -4*u + 9*n - 12*n + 138. What is the remainder when 253 is divided by u?
22
Suppose m - 4*z = 46, -29 + 213 = 4*m - 7*z. Suppose 4*g - 763 = -143. Calculate the remainder when g is divided by m.
17
Let p be 0 - (2 + (-159)/(-1)). Let o = p + 172. Calculate the remainder when 50 is divided by o.
6
Let l(x) = -x**3 + 7*x**2 + 79*x - 20. Let v(a) = a**3 - 5*a**2 - 80*a + 22. Let o(n) = -5*l(n) - 4*v(n). Calculate the remainder when 463 is divided by o(19).
29
What is the remainder when 62 is divided by (-12)/(-28)*49 - -1?
18
Suppose -28*m = -24*m - 148. Let c = 414 + 144. Suppose 2*p - 226 = -3*n, -4*p - p - 4*n = -c. What is the remainder when p is divided by m?
36
Suppose 131*q - 24210 = 14*q + 27*q. Calculate the remainder when 2706 is divided by q.
16
Let f(m) = 8*m + 271. Calculate the remainder when 203 is divided by f(-27).
38
Let i(q) = 207*q + 4947. What is the remainder when i(-16) is divided by 10?
5
Let u = 1616 + -1363. What is the remainder when u is divided by 8?
5
Let w(u) = -190*u - 3559. Let r be 4/14 - (-24)/14. Suppose 34 + 18 = r*i. Calculate the remainder when w(-19) is divided by i.
25
Suppose h + 5*r - 884 = -233, 5907 = 9*h - 3*r. Calculate the remainder when h is divided by 228.
200
Let o be (-6*7/(-70))/((-2)/(-20)). What is the remainder when 668/12 + 8/o is divided by 14?
1
Suppose -3*k + 2*k - 495 = -4*x, 5*x - 5*k = 630. Suppose 8*m - 5*m = x. What is the remainder when m is divided by 15?
11
Let w = 22 - 2. Let g = -5 - 388. Let z = g + 472. What is the remainder when z is divided by w?
19
Let x = 3631 + -3624. Calculate the remainder when 46 is divided by x.
4
Let u(w) = 5*w**2 + 8*w + 191. What is the remainder when u(-11) is divided by 9?
6
Suppose 29*s - 143 = 669. Calculate the remainder when s is divided by 5 - 44/8 - 17/(-2).
4
Let i = -7442 - -7608. What is the remainder when 4315 is divided by i?
165
Suppose 0*g - 4*g = -12. Suppose -3*t = g*j - 15, -t + j + 43 = 4*t. Suppose -11*h + 117 = -8*h. What is the remainder when h is divided by t?
7
Suppose 63 = 2*b - 11*b. Let w(t) = t**2 + t + 13. Calculate the remainder when ((-36)/b)/((-10)/(-70)) is divided by w(0).
10
Let y = -44 - -44. Suppose 2*s + 0*t - 3*t = 100, y = 4*s + 4*t - 200. Suppose s = -10*k + 15*k. Calculate the remainder when k is divided by 4.
2
Let l(s) = -s**3 + 93*s**2 - 7*s + 866. What is the remainder when l(93) is divided by 72?
71
Let d(z) = 6*z**2 - z - 6. Let g be d(3). Suppose -2*b + 11*b = g. What is the remainder when b is divided by 1?
0
Let l(f) = f**3 - 8*f**2 - 137*f + 41. Calculate the remainder when 159 is divided by l(-8).
46
Suppose b + 168 = 189. Let l(h) = h**3 - 20*h**2 - 19*h - 40. Calculate the remainder when 31 is divided by l(b).
1
Let d(u) = 47*u**2 - 2*u + 1. Let w be d(1). Suppose -7*t = w - 1124. Let k = -62 + t. Calculate the remainder when k is divided by 48.
44
Let f be 2112/(-56) - (38/(-14) + 3). What is the remainder when 59 is divided by 59/19 + -3 - 262/f?
3
Let x = 4591 + -2038. Suppose 12*l - x = 2871. Calculate the remainder when l is divided by 35.
32
Suppose -4*f + 310